{"id":631,"date":"2022-08-26T12:36:06","date_gmt":"2022-08-26T12:36:06","guid":{"rendered":"https:\/\/www.tisknese.cz\/?page_id=631"},"modified":"2026-04-07T08:49:06","modified_gmt":"2026-04-07T08:49:06","slug":"www-tisknese-cz","status":"publish","type":"page","link":"https:\/\/www.tisknese.cz\/","title":{"rendered":"Aktu\u00e1ln\u011b"},"content":{"rendered":"\n<p>&#8212;&#8212;&#8212;&#8212;&#8212;&#8212;&#8212;&#8212;&#8212;&#8212;&#8212;&#8212;&#8212;&#8212;&#8212;&#8212;&#8212;&#8212;&#8212;&#8212;&#8212;&#8212;&#8212;&#8212;&#8212;&#8212;&#8212;&#8212;&#8212;&#8212;&#8212;&#8212;&#8212;&#8212;&#8212;&#8212;&#8212;&#8212;&#8211;<\/p>\n\n\n\n<h2 class=\"wp-block-heading has-vivid-red-color has-text-color has-link-color wp-elements-88f6c889e53b5edd4df2a1d141b233eb\"><strong>Mo\u017enosti platby na provozovn\u011b:<\/strong><\/h2>\n\n\n\n<p>U n\u00e1s na provozovn\u011b, je mo\u017enost platby: <strong>hotov\u011b<\/strong> nebo <strong>p\u0159evodem<\/strong> (mobiln\u00edm bankovnictv\u00edm p\u0159es <strong>QR k\u00f3d<\/strong>)<\/p>\n\n\n\n<p>&#8212;&#8212;&#8212;&#8212;&#8212;&#8212;&#8212;&#8212;&#8212;&#8212;&#8212;&#8212;&#8212;&#8212;&#8212;&#8212;&#8212;&#8212;&#8212;&#8212;&#8212;&#8212;&#8212;&#8212;&#8212;&#8212;&#8212;&#8212;&#8212;&#8212;&#8212;&#8212;&#8212;&#8212;&#8212;&#8212;&#8212;&#8212;&#8211;<\/p>\n\n\n\n<p class=\"has-luminous-vivid-orange-color has-text-color\" style=\"font-size:18px\"><strong>M\u00e1te-li p\u0159\u00e1n\u00ed vytisknout dokumenty nebo obr\u00e1zky, <\/strong><\/p>\n\n\n\n<p class=\"has-luminous-vivid-orange-color has-text-color\" style=\"font-size:18px\"><strong>zde jsou na\u0161e e-maily, pro va\u0161e v\u00fdtisky a objedn\u00e1vky:<\/strong><\/p>\n\n\n\n<div class=\"wp-block-columns is-layout-flex wp-container-core-columns-is-layout-9d6595d7 wp-block-columns-is-layout-flex\">\n<div class=\"wp-block-column is-layout-flow wp-block-column-is-layout-flow\" style=\"flex-basis:100%\">\n<h3 class=\"wp-block-heading has-text-align-left has-medium-font-size\"><strong><a href=\"mailto:tisknese@tisknese.cz\">tisknese@tisknese.cz<\/a><\/strong> nebo <strong><a href=\"mailto:tisknese@seznam.cz\">tisknese@seznam.cz<\/a><\/strong><\/h3>\n\n\n\n<p>&#8212;&#8212;&#8212;&#8212;&#8212;&#8212;&#8212;&#8212;&#8212;&#8212;&#8212;&#8212;&#8212;&#8212;&#8212;&#8212;&#8212;&#8212;&#8212;&#8212;&#8212;&#8212;&#8212;&#8212;&#8212;&#8212;&#8212;&#8212;&#8212;&#8212;&#8212;&#8212;&#8212;&#8212;&#8212;&#8212;&#8212;&#8212;&#8211;<\/p>\n\n\n\n<p class=\"has-large-font-size\"><strong>Odkaz na n\u00e1\u0161: <a href=\"http:\/\/www.tisknese.online\" data-type=\"URL\" data-id=\"www.tisknese.online\" target=\"_blank\" rel=\"noreferrer noopener\">E-shop<\/a><\/strong><\/p>\n\n\n\n<p class=\"has-text-align-left has-black-color has-luminous-vivid-amber-background-color has-text-color has-background has-link-color has-medium-font-size wp-elements-75e10f045bb127ea9d57a35a8f625421\"><strong><em><a href=\"https:\/\/www.tisknese.online\/\">Vlastn\u00ed obr\u00e1zek na potisk r\u016fzn\u00fdch p\u0159edm\u011bt\u016f:<\/a><\/em><\/strong><\/p>\n\n\n\n<p class=\"has-medium-font-size\"><strong><a href=\"https:\/\/www.tisknese.online\/TRIKA-POTISK-c5_0_1.htm\">TRIKA<\/a><\/strong>, <strong><a href=\"https:\/\/www.tisknese.online\/Hrnky-s-vasim-motivem-c6_6_2.htm\">HRNKY<\/a><\/strong>, <strong><a href=\"https:\/\/www.tisknese.online\/Plechacky-s-vasim-motivem-c8_8_2.htm\">PLECH\u00c1\u010cKY<\/a><\/strong>, <strong><a href=\"https:\/\/www.tisknese.online\/Podlozky-pod-mys-c10_18_2.htm\">PODLO\u017dKY POD MY\u0160<\/a><\/strong> nebo <a href=\"https:\/\/www.tisknese.online\/Puzzle-c10_19_2.htm\"><strong>PUZZLE<\/strong><\/a><\/p>\n\n\n\n<p class=\"has-medium-font-size\">nebo vytvo\u0159it podle sv\u00fdch fotek r\u016fzn\u00e9 <a href=\"https:\/\/www.tisknese.online\/Kalendare-z-vasich-obrazku-c7_12_2.htm\"><strong>KALEND\u00c1\u0158E<\/strong><\/a><\/p>\n\n\n\n<figure class=\"wp-block-image size-full is-resized\"><a href=\"https:\/\/www.tisknese.online\/\"><img loading=\"lazy\" decoding=\"async\" width=\"547\" height=\"376\" src=\"http:\/\/www.tisknese.cz\/wp-content\/uploads\/2020\/10\/Eshop-TISKNESE-logo-3.png\" alt=\"\" class=\"wp-image-317\" style=\"width:158px;height:auto\" srcset=\"https:\/\/www.tisknese.cz\/wp-content\/uploads\/2020\/10\/Eshop-TISKNESE-logo-3.png 547w, https:\/\/www.tisknese.cz\/wp-content\/uploads\/2020\/10\/Eshop-TISKNESE-logo-3-300x206.png 300w\" sizes=\"auto, (max-width: 547px) 100vw, 547px\" \/><\/a><\/figure>\n<\/div>\n<\/div>\n\n\n\n<p>&#8212;&#8212;&#8212;&#8212;&#8212;&#8212;&#8212;&#8212;&#8212;&#8212;&#8212;&#8212;&#8212;&#8212;&#8212;&#8212;&#8212;&#8212;&#8212;&#8212;&#8212;&#8212;&#8212;&#8212;&#8212;&#8212;&#8212;&#8212;&#8212;&#8212;&#8212;&#8212;&#8212;&#8212;&#8212;&#8212;&#8212;&#8212;&#8211;<\/p>\n\n\n\n<p><\/p>\n\n\n\n<h4 class=\"wp-block-heading has-large-font-size\"><a href=\"https:\/\/www.tisknese.cz\/index.php\/cenik-2\/\" target=\"_blank\" rel=\"noreferrer noopener\"><strong>CEN\u00cdK <\/strong><\/a><\/h4>\n\n\n\n<h2 class=\"wp-block-heading has-medium-font-size\">na\u0161ich produkt\u016f a slu\u017eeb k nahl\u00e9dnut\u00ed.<\/h2>\n\n\n\n<p><\/p>\n\n\n\n<p>&#8212;&#8212;&#8212;&#8212;&#8212;&#8212;&#8212;&#8212;&#8212;&#8212;&#8212;&#8212;&#8212;&#8212;&#8212;&#8212;&#8212;&#8212;&#8212;&#8212;&#8212;&#8212;&#8212;&#8212;&#8212;&#8212;&#8212;&#8212;&#8212;&#8212;&#8212;&#8212;&#8212;&#8212;&#8212;&#8212;&#8212;&#8212;&#8211;<\/p>\n\n\n\n<h2 class=\"wp-block-heading has-black-color has-text-color has-medium-font-size\">OTEV\u00cdRAC\u00cd DOBA: <\/h2>\n\n\n\n<h2 class=\"wp-block-heading has-medium-font-size\">PO &#8211; \u010cT:     9.00 &#8211; 12.00   pauza   13.00 &#8211; 17:00<\/h2>\n\n\n\n<h2 class=\"wp-block-heading has-medium-font-size\">P\u00c1TEK:       9.00 &#8211; 12.00   pauza   13.00 &#8211; 16:00<\/h2>\n\n\n\n<p>&#8212;&#8212;&#8212;&#8212;&#8212;&#8212;&#8212;&#8212;&#8212;&#8212;&#8212;&#8212;&#8212;&#8212;&#8212;&#8212;&#8212;&#8212;&#8212;&#8212;&#8212;&#8212;&#8212;&#8212;&#8212;&#8212;&#8212;&#8212;&#8212;&#8212;&#8212;&#8212;&#8212;&#8212;&#8212;&#8212;&#8212;&#8212;&#8211;<\/p>\n\n\n\n<h4 class=\"wp-block-heading\"><strong>Kop\u00edrov\u00e1n\u00ed a tisk dokument\u016f<\/strong><\/h4>\n\n\n\n<p>Pot\u0159ebuje\u0161 okop\u00edrovat nebo vytisknout \u0161koln\u00ed materi\u00e1ly nebo firemn\u00ed dokumenty? Zastav se na na\u0161\u00ed prodejn\u011b a vyu\u017eij na\u0161e kop\u00edrovac\u00ed slu\u017eby. V prodejn\u011b na \u010cechov\u011b n\u00e1m\u011bst\u00ed poskytujeme kop\u00edrovan\u00ed do velikosti form\u00e1tu A3.  <\/p>\n\n\n\n<p><strong>Data k vytisknut\u00ed, pros\u00edme v t\u011bchto form\u00e1tech: PDF, JPG, EPS, TIF<\/strong><\/p>\n\n\n\n<p><strong>vizitky a ozn\u00e1men\u00ed DL, A6<br> v\u00fdroba raz\u00edtek<br> lamino a krou\u017ekov\u00e1 vazba<br> potisk textilu a p\u0159edm\u011bt\u016f (podlo\u017eka pod my\u0161, puzzle a hrnky)<br> skenov\u00e1n\u00ed do form\u00e1tu A3<br> v\u00fdroba a tisk kalend\u00e1\u0159\u016f do form\u00e1tu A3<br> v\u00fdroba a tisk pexesa do form\u00e1tu A3 (20 fotografi\u00ed)<br> tisk na pap\u00edrov\u00e9 etikety a samolepky A4<br> <br> <br> <\/strong><\/p>\n\n\n\n<p>Pro\u010d e-mailem?<\/p>\n\n\n\n<ul class=\"wp-block-list\">\n<li>\u2713&nbsp;jednoduch\u00e1 a rychl\u00e1 objedn\u00e1vka z pohodl\u00ed domova, nebo kancel\u00e1\u0159e<\/li>\n\n\n\n<li>\u2713&nbsp;vyzvednut\u00ed hotov\u00e9 objedn\u00e1vky objedn\u00e1vky bez \u010dek\u00e1n\u00ed<\/li>\n\n\n\n<li>\u2713&nbsp;ceny levn\u011bj\u0161\u00ed ne\u017e p\u0159\u00edmo na obchod\u011b<\/li>\n<\/ul>\n\n\n\n<p>e-mail na objedn\u00e1vky: <a href=\"mailto:tisknese@tisknese.cz\">tisknese@tisknese.cz<\/a> nebo <a href=\"mailto:tisknese@seznam.cz\">tisknese@seznam.cz<\/a><\/p>\n\n\n<div class=\"wp-block-image\">\n<figure class=\"alignleft size-full is-resized\"><a href=\"https:\/\/www.tisknese.online\/\"><img loading=\"lazy\" decoding=\"async\" width=\"547\" height=\"376\" src=\"http:\/\/www.tisknese.cz\/wp-content\/uploads\/2020\/10\/Eshop-TISKNESE-logo-3.png\" alt=\"\" class=\"wp-image-317\" style=\"width:193px;height:132px\" srcset=\"https:\/\/www.tisknese.cz\/wp-content\/uploads\/2020\/10\/Eshop-TISKNESE-logo-3.png 547w, https:\/\/www.tisknese.cz\/wp-content\/uploads\/2020\/10\/Eshop-TISKNESE-logo-3-300x206.png 300w\" sizes=\"auto, (max-width: 547px) 100vw, 547px\" \/><\/a><\/figure>\n<\/div>","protected":false},"excerpt":{"rendered":"<p>&#8212;&#8212;&#8212;&#8212;&#8212;&#8212;&#8212;&#8212;&#8212;&#8212;&#8212;&#8212;&#8212;&#8212;&#8212;&#8212;&#8212;&#8212;&#8212;&#8212;&#8212;&#8212;&#8212;&#8212;&#8212;&#8212;&#8212;&#8212;&#8212;&#8212;&#8212;&#8212;&#8212;&#8212;&#8212;&#8212;&#8212;&#8212;&#8211; Mo\u017enosti platby na provozovn\u011b: U n\u00e1s na provozovn\u011b, je mo\u017enost platby: hotov\u011b nebo p\u0159evodem (mobiln\u00edm bankovnictv\u00edm p\u0159es QR k\u00f3d) &#8212;&#8212;&#8212;&#8212;&#8212;&#8212;&#8212;&#8212;&#8212;&#8212;&#8212;&#8212;&#8212;&#8212;&#8212;&#8212;&#8212;&#8212;&#8212;&#8212;&#8212;&#8212;&#8212;&#8212;&#8212;&#8212;&#8212;&#8212;&#8212;&#8212;&#8212;&#8212;&#8212;&#8212;&#8212;&#8212;&#8212;&#8212;&#8211; M\u00e1te-li p\u0159\u00e1n\u00ed vytisknout dokumenty nebo obr\u00e1zky, zde jsou na\u0161e e-maily, pro va\u0161e v\u00fdtisky a objedn\u00e1vky: tisknese@tisknese.cz nebo tisknese@seznam.cz &#8212;&#8212;&#8212;&#8212;&#8212;&#8212;&#8212;&#8212;&#8212;&#8212;&#8212;&#8212;&#8212;&#8212;&#8212;&#8212;&#8212;&#8212;&#8212;&#8212;&#8212;&#8212;&#8212;&#8212;&#8212;&#8212;&#8212;&#8212;&#8212;&#8212;&#8212;&#8212;&#8212;&#8212;&#8212;&#8212;&#8212;&#8212;&#8211; Odkaz na n\u00e1\u0161: E-shop Vlastn\u00ed obr\u00e1zek na potisk r\u016fzn\u00fdch p\u0159edm\u011bt\u016f: TRIKA, HRNKY, PLECH\u00c1\u010cKY, PODLO\u017dKY POD [&hellip;]<\/p>\n","protected":false},"author":1,"featured_media":0,"parent":0,"menu_order":0,"comment_status":"closed","ping_status":"closed","template":"","meta":{"footnotes":""},"class_list":["post-631","page","type-page","status-publish","hentry"],"_links":{"self":[{"href":"https:\/\/www.tisknese.cz\/index.php\/wp-json\/wp\/v2\/pages\/631","targetHints":{"allow":["GET"]}}],"collection":[{"href":"https:\/\/www.tisknese.cz\/index.php\/wp-json\/wp\/v2\/pages"}],"about":[{"href":"https:\/\/www.tisknese.cz\/index.php\/wp-json\/wp\/v2\/types\/page"}],"author":[{"embeddable":true,"href":"https:\/\/www.tisknese.cz\/index.php\/wp-json\/wp\/v2\/users\/1"}],"replies":[{"embeddable":true,"href":"https:\/\/www.tisknese.cz\/index.php\/wp-json\/wp\/v2\/comments?post=631"}],"version-history":[{"count":126,"href":"https:\/\/www.tisknese.cz\/index.php\/wp-json\/wp\/v2\/pages\/631\/revisions"}],"predecessor-version":[{"id":961,"href":"https:\/\/www.tisknese.cz\/index.php\/wp-json\/wp\/v2\/pages\/631\/revisions\/961"}],"wp:attachment":[{"href":"https:\/\/www.tisknese.cz\/index.php\/wp-json\/wp\/v2\/media?parent=631"}],"curies":[{"name":"wp","href":"https:\/\/api.w.org\/{rel}","templated":true}]}}